.
63
Calculate the greatest common factor of 30 and 4110.
30
What is the greatest common factor of 96 and 132?
12
Calculate the greatest common factor of 70 and 1295.
35
Calculate the highest common divisor of 564 and 264.
12
What is the highest common factor of 2980 and 340?
20
Calculate the greatest common divisor of 9943 and 163.
163
Calculate the greatest common factor of 1407 and 21.
21
What is the highest common factor of 992 and 31?
31
What is the highest common divisor of 165 and 3750?
15
Calculate the highest common divisor of 273 and 2808.
39
Calculate the highest common factor of 78 and 18.
6
What is the highest common divisor of 1007 and 6413?
53
Calculate the greatest common divisor of 416 and 13.
13
Calculate the greatest common divisor of 222 and 6.
6
Calculate the highest common divisor of 3153 and 9.
3
What is the greatest common factor of 208 and 26?
26
What is the highest common factor of 6 and 507?
3
What is the highest common divisor of 19 and 5054?
19
What is the highest common factor of 111 and 4921?
37
What is the highest common divisor of 427 and 7?
7
Calculate the greatest common factor of 10 and 16.
2
What is the greatest common factor of 10 and 8545?
5
What is the greatest common factor of 180 and 105?
15
Calculate the highest common divisor of 27 and 765.
9
What is the highest common factor of 4653 and 297?
99
What is the highest common factor of 3 and 51?
3
What is the greatest common factor of 180 and 220?
20
What is the highest common factor of 38 and 64695?
19
Calculate the greatest common divisor of 11895 and 549.
183
What is the greatest common factor of 49 and 119?
7
Calculate the highest common factor of 720 and 1575.
45
Calculate the greatest common divisor of 125 and 4700.
25
Calculate the greatest common divisor of 49 and 14.
7
What is the greatest common divisor of 925 and 800?
25
Calculate the greatest common divisor of 116 and 290.
58
What is the greatest common divisor of 46 and 2231?
23
What is the highest common divisor of 682 and 124?
62
Calculate the highest common divisor of 1457 and 341.
31
What is the highest common factor of 70 and 2860?
10
Calculate the highest common factor of 45 and 195.
15
Calculate the greatest common factor of 10 and 20255.
5
What is the greatest common factor of 71 and 71?
71
What is the highest common divisor of 651 and 42?
21
What is the greatest common divisor of 1 and 137?
1
What is the highest common divisor of 1564 and 1472?
92
Calculate the highest common factor of 1339 and 1751.
103
Calculate the greatest common factor of 25 and 20525.
25
What is the greatest common factor of 2233 and 812?
203
Calculate the highest common divisor of 15 and 22695.
15
What is the highest common factor of 332 and 44986?
166
Calculate the highest common divisor of 1441 and 131.
131
What is the highest common factor of 92 and 1564?
92
What is the greatest common factor of 236 and 16?
4
What is the greatest common divisor of 11 and 209?
11
What is the highest common divisor of 110 and 210?
10
Calculate the highest common divisor of 2783 and 242.
121
Calculate the greatest common divisor of 1911 and 585.
39
What is the greatest common factor of 2072 and 3848?
296
What is the greatest common factor of 1568 and 160?
32
Calculate the highest common divisor of 2167 and 11.
11
Calculate the highest common divisor of 152 and 7581.
19
Calculate the greatest common divisor of 36 and 168.
12
What is the highest common factor of 4711 and 14?
7
Calculate the highest common divisor of 255 and 1377.
51
Calculate the greatest common factor of 8 and 552.
8
What is the highest common factor of 36 and 732?
12
What is the highest common divisor of 2366 and 4368?
182
Calculate the highest common divisor of 30 and 8472.
6
Calculate the highest common factor of 3 and 81.
3
What is the greatest common divisor of 3577 and 146?
73
Calculate the highest common factor of 375 and 75.
75
What is the greatest common divisor of 561 and 264?
33
What is the highest common factor of 310 and 124?
62
Calculate the greatest common factor of 20260 and 40.
20
What is the greatest common divisor of 1379 and 2167?
197
What is the greatest common factor of 6 and 4?
2
What is the greatest common factor of 122 and 6?
2
Calculate the greatest common factor of 750 and 30.
30
Calculate the greatest common factor of 7 and 2.
1
What is the greatest common divisor of 2561 and 78?
13
Calculate the highest common divisor of 85 and 51.
17
What is the greatest common factor of 16 and 64?
16
What is the highest common factor of 1200 and 30?
30
What is the highest common divisor of 561 and 143?
11
What is the greatest common factor of 10 and 400?
10
What is the highest common factor of 20 and 188?
4
Calculate the highest common divisor of 189 and 2781.
27
What is the greatest common divisor of 1849 and 301?
43
What is the highest common divisor of 800 and 175?
25
What is the highest common factor of 75 and 900?
75
Calculate the greatest common divisor of 300 and 8970.
30
What is the greatest common divisor of 1178 and 155?
31
Calculate the greatest common factor of 18 and 4302.
18
Calculate the highest common factor of 23 and 667.
23
Calculate the highest common factor of 26 and 6747.
13
What is the greatest common divisor of 28 and 72660?
28
Calculate the highest common divisor of 52 and 65.
13
What is the highest common divisor of 5528 and 8?
8
Calculate the greatest common divisor of 100 and 900.
100
What is the greatest common divisor of 156 and 2652?
156
What is the highest common divisor of 18 and 1647?
9
Calculate the highest common divisor of 23 and 23.
23
What is the highest common factor of 144 and 648?
72
What is the highest common divisor of 150 and 60?
30
What is the highest common divisor of 1530 and 408?
102
What is the highest common factor of 100 and 2620?
20
Calculate the greatest common factor of 24 and 756.
12
Calculate the greatest common factor of 11649 and 33.
33
What is the greatest common factor of 15 and 309?
3
Calculate the greatest common factor of 32 and 26272.
32
Calculate the highest common divisor of 348 and 36.
12
What is the highest common divisor of 4235 and 154?
77
Calculate the greatest common divisor of 4768 and 32.
32
Calculate the greatest common divisor of 8584 and 232.
232
Calculate the greatest common divisor of 681 and 4313.
227
What is the highest common divisor of 387 and 36?
9
What is the highest common factor of 58 and 3712?
58
What is the highest common factor of 259 and 56?
7
What is the highest common divisor of 7 and 154?
7
Calculate the highest common factor of 11 and 6864.
11
What is the highest common factor of 48 and 6544?
16
What is the highest common factor of 1946 and 28?
14
What is the highest common divisor of 391 and 23?
23
Calculate the greatest common factor of 16 and 3296.
16
What is the greatest common factor of 2641 and 139?
139
What is the highest common factor of 1128 and 16?
8
What is the highest common factor of 3752 and 67?
67
Calculate the greatest common divisor of 4488 and 66.
66
What is the greatest common divisor of 532 and 57?
19
What is the greatest common factor of 18 and 942?
6
Calculate the highest common divisor of 42 and 7518.
42
Calculate the greatest common divisor of 13426 and 182.
14
What is the highest common divisor of 740 and 1200?
20
What is the greatest common divisor of 435 and 522?
87
Calculate the greatest common divisor of 267 and 178.
89
What is the greatest common factor of 202 and 2?
2
Calculate the highest common factor of 1730 and 10.
10
Calculate the highest common divisor of 8 and 1304.
8
What is the highest common divisor of 2047 and 89?
89
Calculate the greatest common factor of 2430 and 90.
90
What is the highest common divisor of 1349 and 38?
19
What is the highest common factor of 1305 and 180?
45
Calculate the highest common divisor of 45 and 153.
9
What is the highest common divisor of 39 and 351?
39
Calculate the highest common factor of 33 and 2112.
33
Calculate the highest common divisor of 5 and 5.
5
Calculate the highest common factor of 288 and 336.
48
What is the highest common factor of 66 and 99?
33
Calculate the highest common divisor of 364 and 4095.
91
What is the highest common factor of 20 and 995?
5
What is th